rue
Is 1012363 composite?
True
Is 3242098 a composite number?
True
Is 38573 a composite number?
True
Is 2101 a prime number?
False
Is 12787 prime?
False
Is 33223 prime?
True
Is 524891 composite?
True
Is 415411 prime?
False
Is 1735 composite?
True
Is 61927 composite?
False
Is 17111 prime?
False
Is 1405213 a composite number?
True
Is 2153 prime?
True
Is 458309 composite?
False
Is 153059 a composite number?
False
Is 41737 composite?
False
Is 5077 composite?
False
Is 3791 a prime number?
False
Is 2792383 prime?
False
Is 4781 a composite number?
True
Is 4291 prime?
False
Is 16573 a prime number?
True
Is 11065 a composite number?
True
Is 5414 prime?
False
Is 4105 prime?
False
Is 51881 a prime number?
False
Is 118409 a composite number?
False
Is 7187 composite?
False
Is 23054 prime?
False
Is 321 a prime number?
False
Is 708859 prime?
True
Is 47459 a prime number?
True
Is 326831 composite?
False
Is 542053 prime?
True
Is 17495 prime?
False
Is 928639 a prime number?
False
Is 572243 prime?
False
Is 105613 prime?
True
Is 731 a prime number?
False
Is 2063 composite?
False
Is 118967 a prime number?
True
Is 363161 a composite number?
False
Is 18635 composite?
True
Is 7789 prime?
True
Is 27971 a composite number?
True
Is 118493 composite?
False
Is 109381 a prime number?
False
Is 4765 prime?
False
Is 5294 composite?
True
Is 1733 a composite number?
False
Is 38953 a prime number?
True
Is 246431 a prime number?
False
Is 282251 a prime number?
False
Is 399851 a composite number?
False
Is 79889 prime?
True
Is 7398097 prime?
False
Is 19289 a composite number?
False
Is 379 a composite number?
False
Is 230891 a prime number?
True
Is 22853 a prime number?
True
Is 68363 a prime number?
False
Is 12178 a prime number?
False
Is 46807 a composite number?
False
Is 129077 composite?
True
Is 250331 a composite number?
True
Is 1031 prime?
True
Is 302699 a composite number?
True
Is 198507 composite?
True
Is 223653 a prime number?
False
Is 342821 prime?
True
Is 21977 a prime number?
True
Is 441505 composite?
True
Is 462131 composite?
False
Is 204353 prime?
True
Is 104933 a prime number?
True
Is 5953 composite?
False
Is 95339 a composite number?
False
Is 601487 a composite number?
False
Is 25247 a composite number?
False
Is 65731 a composite number?
False
Is 6881 composite?
True
Is 4934109 a prime number?
False
Is 979571 a prime number?
False
Is 66959 composite?
False
Is 20131 prime?
False
Is 12373 a composite number?
False
Is 415549 a composite number?
True
Is 396833 a prime number?
True
Is 25562 composite?
True
Is 1213 composite?
False
Is 4049569 composite?
False
Is 109073 a composite number?
False
Is 7661 a composite number?
True
Is 302474 a prime number?
False
Is 262681 a composite number?
False
Is 662 a composite number?
True
Is 34721 prime?
True
Is 315097 prime?
True
Is 37139 a composite number?
False
Is 99691 prime?
False
Is 20477 prime?
True
Is 624593 a prime number?
True
Is 1856017 composite?
False
Is 1087 prime?
True
Is 1055 a composite number?
True
Is 175841 a composite number?
True
Is 4327 composite?
False
Is 2738423 prime?
True
Is 296869 composite?
True
Is 272737 a prime number?
True
Is 5867293 a composite number?
False
Is 105319 composite?
False
Is 502237 prime?
True
Is 3787 prime?
False
Is 19937 composite?
False
Is 18427 a prime number?
True
Is 83983 a composite number?
False
Is 19715 a prime number?
False
Is 29257 composite?
True
Is 50143 a prime number?
False
Is 9305 a prime number?
False
Is 151237 composite?
False
Is 3449077 prime?
True
Is 1871 a prime number?
True
Is 502829 prime?
True
Is 29833 prime?
True
Is 21977 a prime number?
True
Is 691121 a prime number?
True
Is 385999 composite?
True
Is 6725551 composite?
True
Is 106853 a composite number?
False
Is 383909 a prime number?
True
Is 53653 a prime number?
True
Is 5981 a composite number?
False
Is 111373 a prime number?
True
Is 84629 a prime number?
True
Is 95603 prime?
True
Is 868487 a composite number?
False
Is 18637 a prime number?
True
Is 44417 a prime number?
True
Is 15601 prime?
True
Is 322669 a composite number?
False
Is 1345 prime?
False
Is 3849 composite?
True
Is 23801 prime?
True
Is 11283 composite?
True
Is 496007 a composite number?
False
Is 8329 a prime number?
True
Is 1326737 prime?
False
Is 25202 a composite number?
True
Is 21269 a composite number?
False
Is 1932641 a composite number?
False
Is 238223 a composite number?
False
Is 986177 a prime number?
True
Is 38273 composite?
False
Is 437789 a composite number?
True
Is 18079 a prime number?
False
Is 83767 a composite number?
True
Is 971441 composite?
False
Is 44053 a prime number?
True
Is 24593 composite?
False
Is 13343 a prime number?
False
Is 412223 a prime number?
False
Is 40993 composite?
False
Is 57439 composite?
True
Is 1657 a composite number?
False
Is 25559 prime?
False
Is 811303 composite?
True
Is 3019 prime?
True
Is 1141 a prime number?
False
Is 3148141 composite?
True
Is 82595 composite?
True
Is 127147 a composite number?
True
Is 41767 prime?
False
Is 127987 composite?
True
Is 3411971 a composite number?
False
Is 183221 prime?
False
Is 133037 a composite number?
True
Is 2721 a prime number?
False
Is 560229 a composite number?
True
Is 2987 composite?
True
Is 10739 composite?
False
Is 4867 prime?
False
Is 22013 composite?
False
Is 13495 prime?
False
Is 78643 composite?
False
Is 30466 composite?
True
Is 47339 composite?
False
Is 14369 composite?
False
Is 125813 composite?
False
Is 10063 composite?
True
Is 1961 a prime number?
False
Is 32363 a prime number?
True
Is 3068491 composite?
False
Is 165079 composite?
False
Is 11657 a prime number?
True
Is 32003 a composite number?
False
Is 364103 composite?
False
Is 2777 a composite number?
False
Is 121487 a prime number?
True
Is 12841 prime?
True
Is 4289 a composite number?
False
Is 16715 prime?
False
Is 459545 prime?
False
Is 60619 composite?
True
Is 486323 a composite number?
False
Is 261847 a composite number?
False
Is 322193 prime?
True
Is 1423627 a prime number?
True
Is 7397 a composite number?
True
Is 135686 a prime number?
False
Is 229093 a prime number?
True
Is 134837 a prime number?
True
Is 65153 composite?
True
Is 1137263 a composite number?
False
Is 74233 prime?
False
Is 64421 composite?
True
Is 7499 composite?
False
Is 9624209 composite?
True
Is 846137 a prime number?
True
Is 1219 prime?
False
Is 530597 a prime number?
True
Is 1601 a composite number?
False
Is 258659 a composite number?
False
Is 2822318 prime?
False
Is 593 a composite number?
False
Is 109789 a prime number?
True
Is 1019039 composite?
True
Is 22531 prime?
True
Is 45659 a composite number?
False
Is 403931 prime?
False
Is 138661 prime?
True
Is 23143 prime?
True
Is 28463 a prime number?
True
Is 38257 a prime number?
False
Is 13081 a composite number?
True
Is 2606551 prime?
True
Is 821027 a prime number?
True
Is 3079 a prime number?
True
Is 3221321 composite?
False
Is 70801 a composite number?
True
Is 15047 a composite number?
True
Is 283537 a prime number?
False
Is 71237 prime?
True
Is 78038 a prime number?
False
Is 32111 prime?
False
Is 59173 a composite number?
True
Is 27127 composite?
False
Is 103 composite?
False
Is 2393341 a composite number?
True
Is 108139 a prime number?
True
Is 638114 prime?
False
Is 501941 a prime number?
False
Is 3973 a prime number?
False
Is 116743 composite?
True
Is 475873 composite?
True
Is 6521 prime?
True
Is 124387 a composite number?
True
Is 2647 prime?
True
Is 339059 prime?
False
Is 1560421 a composite number?
False
Is 2393 a composite number?
False
Is 9527 a prime number?
False
Is 2177653 prime?
True
Is 5645 a composite number?
True
Is 65306 a composite number?
True
Is 178 a composite number?
True
Is 11513 a prime number?
False
Is 73819 prime?
True
Is 2111 a composite number?
False
Is 4861 a prime number?
True
Is 69295 a prime number?
False
Is 35759 prime?
True
Is 95917 a composite number?
False
Is 7897 a composite number?
True
Is 167641 prime?
True
Is 4327 prime?
True
Is 7466 composite?
True
Is 15653 a composite number?
True
Is 8917 composite?
True
Is 485 prime?
False
Is 3435323 prime?
True
Is 5849 prime?
True
Is 1399 composite?
False
Is 3989 a composite number?
False
Is 1537 a prime number?
False
Is 1399 a composite number?
False
Is 1831 a composite number?
False
Is 133097 prim